{"id":11511,"date":"2023-10-17T02:59:34","date_gmt":"2023-10-17T00:59:34","guid":{"rendered":"https:\/\/ateliers-francais.gc-dev.fr\/?post_type=product&#038;p=11511"},"modified":"2023-10-17T02:59:49","modified_gmt":"2023-10-17T00:59:49","slug":"casque-alpiniste-height-endurance-ps73","status":"publish","type":"product","link":"https:\/\/ateliers-francais.gc-dev.fr\/?product=casque-alpiniste-height-endurance-ps73","title":{"rendered":"Casque alpiniste Height Endurance &#8211; PS73"},"content":{"rendered":"<h3 class=\"text-left\">Caract\u00e9ristiques<\/h3>\n<p>&nbsp;<\/p>\n<ul>\n<li>Certifi\u00e9 CE<\/li>\n<li>Prot\u00e8ge-menton pour plus de confort<\/li>\n<li><\/li>\n<li>L\u00e9ger et robuste<\/li>\n<li>Accessoires compatibles disponibles<\/li>\n<li>Couleur haute visibilit\u00e9 pour \u00eatre vu en plein jour<\/li>\n<li>Taille r\u00e9glable par cr\u00e9maill\u00e8re pour un meilleur ajustement<\/li>\n<li>Harnais textile 6 points<\/li>\n<li>mentonni\u00e8re incluse<\/li>\n<li>Sp\u00e9cialement con\u00e7u pour travailler en hauteur<\/li>\n<\/ul>\n<h3 class=\"text-left\">Normes<\/h3>\n<p>&nbsp;<\/p>\n<ul>\n<li>AS\/NZS 1801<\/li>\n<li>ANSI\/ISEA Z89.1 TYPE I CLASS E<\/li>\n<li>EN 397 +50\u00b0C\/-30\u00b0C; MM; LD; 440VAC<\/li>\n<li>EN 50365 Class:0<\/li>\n<\/ul>\n<p>&nbsp;<\/p>\n<p>&nbsp;<\/p>\n","protected":false},"excerpt":{"rendered":"<p>Le casque alpiniste Height Endurance est l\u2019\u00e9volution ultime de notre gamme Height Endurance . Ce casque ventil\u00e9 est con\u00e7u pour plusieurs usages. Il est id\u00e9al pour les travaux en hauteur, les op\u00e9rations de sauvetage et les activit\u00e9s d&rsquo;escalade. Gr\u00e2ce \u00e0 sa mousse EPS int\u00e9rieure, cette r\u00e9f\u00e9rence est enti\u00e8rement certifi\u00e9 \u00e0 la norme EN 12492.<br \/>\nLe harnais en textile \u00e0 six points, la bande anti-transpiration technique et le r\u00e9glage de la cr\u00e9maill\u00e8re assurent un ajustement optimal. Large gamme d&rsquo;accessoires disponibles.<\/p>\n","protected":false},"featured_media":11540,"comment_status":"open","ping_status":"closed","template":"","meta":[],"product_cat":[241,226],"product_tag":[],"class_list":{"0":"post-11511","1":"product","2":"type-product","3":"status-publish","4":"has-post-thumbnail","6":"product_cat-casque","7":"product_cat-workwear-epi","9":"first","10":"instock","11":"shipping-taxable","12":"purchasable","13":"product-type-variable"},"_links":{"self":[{"href":"https:\/\/ateliers-francais.gc-dev.fr\/index.php?rest_route=\/wp\/v2\/product\/11511","targetHints":{"allow":["GET"]}}],"collection":[{"href":"https:\/\/ateliers-francais.gc-dev.fr\/index.php?rest_route=\/wp\/v2\/product"}],"about":[{"href":"https:\/\/ateliers-francais.gc-dev.fr\/index.php?rest_route=\/wp\/v2\/types\/product"}],"replies":[{"embeddable":true,"href":"https:\/\/ateliers-francais.gc-dev.fr\/index.php?rest_route=%2Fwp%2Fv2%2Fcomments&post=11511"}],"version-history":[{"count":1,"href":"https:\/\/ateliers-francais.gc-dev.fr\/index.php?rest_route=\/wp\/v2\/product\/11511\/revisions"}],"predecessor-version":[{"id":11542,"href":"https:\/\/ateliers-francais.gc-dev.fr\/index.php?rest_route=\/wp\/v2\/product\/11511\/revisions\/11542"}],"wp:featuredmedia":[{"embeddable":true,"href":"https:\/\/ateliers-francais.gc-dev.fr\/index.php?rest_route=\/wp\/v2\/media\/11540"}],"wp:attachment":[{"href":"https:\/\/ateliers-francais.gc-dev.fr\/index.php?rest_route=%2Fwp%2Fv2%2Fmedia&parent=11511"}],"wp:term":[{"taxonomy":"product_cat","embeddable":true,"href":"https:\/\/ateliers-francais.gc-dev.fr\/index.php?rest_route=%2Fwp%2Fv2%2Fproduct_cat&post=11511"},{"taxonomy":"product_tag","embeddable":true,"href":"https:\/\/ateliers-francais.gc-dev.fr\/index.php?rest_route=%2Fwp%2Fv2%2Fproduct_tag&post=11511"}],"curies":[{"name":"wp","href":"https:\/\/api.w.org\/{rel}","templated":true}]}}