{"id":11510,"date":"2023-10-17T02:59:34","date_gmt":"2023-10-17T00:59:34","guid":{"rendered":"https:\/\/ateliers-francais.gc-dev.fr\/?post_type=product&#038;p=11510"},"modified":"2023-10-17T02:59:37","modified_gmt":"2023-10-17T00:59:37","slug":"casque-de-soudage-bizweld-plus-pw65","status":"publish","type":"product","link":"https:\/\/ateliers-francais.gc-dev.fr\/?product=casque-de-soudage-bizweld-plus-pw65","title":{"rendered":"Casque de soudage Bizweld plus &#8211; PW65"},"content":{"rendered":"<p>Leader dans l&rsquo;industrie, ce casque offre confort et une excellente protection au porteur. Ce masque opto\u00e9lectronique solaire a un temps de commutation de 0,1 millisecondes du clair au fonc\u00e9, ainsi qu&rsquo;une possibilit\u00e9 de r\u00e9gler le retour au clair<\/p>\n","protected":false},"excerpt":{"rendered":"<h3 class=\"text-left\">Caract\u00e9ristiques<\/h3>\n<p>&nbsp;<\/p>\n<ul>\n<li>Certifi\u00e9 CE<\/li>\n<li>Taille r\u00e9glable par cr\u00e9maill\u00e8re pour un meilleur ajustement<\/li>\n<li>L&rsquo;\u00e9nergie de cellules solaires et deux batteries de r\u00e9serve de lithium int\u00e9gr\u00e9es. Temps de travail de plus de 5000 heures<\/li>\n<li><\/li>\n<li>Auto-assombrissement, passe de la lumi\u00e8re \u00e0 l&rsquo;obscurit\u00e9 lorsque le processus de soudage commence<\/li>\n<li>Convient \u00e0 une large gamme d&rsquo;applications<\/li>\n<li>Convient pour \u00eatre port\u00e9 avec des masques respiratoires jetables<\/li>\n<li>Conditionnement facilitant la vente au d\u00e9tail<\/li>\n<\/ul>\n<h3 class=\"text-left\">Normes<\/h3>\n<p>&nbsp;<\/p>\n<ul>\n<li>EN 166 1 S<\/li>\n<li>EN 175 F<\/li>\n<li>EN 379 4 \/ 9-13 ; 1\/1\/1\/2<\/li>\n<li>CE<\/li>\n<\/ul>\n<p>&nbsp;<\/p>\n<p>&nbsp;<\/p>\n","protected":false},"featured_media":11538,"comment_status":"open","ping_status":"closed","template":"","meta":[],"product_cat":[241,226],"product_tag":[],"class_list":{"0":"post-11510","1":"product","2":"type-product","3":"status-publish","4":"has-post-thumbnail","6":"product_cat-casque","7":"product_cat-workwear-epi","9":"first","10":"instock","11":"shipping-taxable","12":"purchasable","13":"product-type-simple"},"_links":{"self":[{"href":"https:\/\/ateliers-francais.gc-dev.fr\/index.php?rest_route=\/wp\/v2\/product\/11510","targetHints":{"allow":["GET"]}}],"collection":[{"href":"https:\/\/ateliers-francais.gc-dev.fr\/index.php?rest_route=\/wp\/v2\/product"}],"about":[{"href":"https:\/\/ateliers-francais.gc-dev.fr\/index.php?rest_route=\/wp\/v2\/types\/product"}],"replies":[{"embeddable":true,"href":"https:\/\/ateliers-francais.gc-dev.fr\/index.php?rest_route=%2Fwp%2Fv2%2Fcomments&post=11510"}],"version-history":[{"count":1,"href":"https:\/\/ateliers-francais.gc-dev.fr\/index.php?rest_route=\/wp\/v2\/product\/11510\/revisions"}],"predecessor-version":[{"id":11539,"href":"https:\/\/ateliers-francais.gc-dev.fr\/index.php?rest_route=\/wp\/v2\/product\/11510\/revisions\/11539"}],"wp:featuredmedia":[{"embeddable":true,"href":"https:\/\/ateliers-francais.gc-dev.fr\/index.php?rest_route=\/wp\/v2\/media\/11538"}],"wp:attachment":[{"href":"https:\/\/ateliers-francais.gc-dev.fr\/index.php?rest_route=%2Fwp%2Fv2%2Fmedia&parent=11510"}],"wp:term":[{"taxonomy":"product_cat","embeddable":true,"href":"https:\/\/ateliers-francais.gc-dev.fr\/index.php?rest_route=%2Fwp%2Fv2%2Fproduct_cat&post=11510"},{"taxonomy":"product_tag","embeddable":true,"href":"https:\/\/ateliers-francais.gc-dev.fr\/index.php?rest_route=%2Fwp%2Fv2%2Fproduct_tag&post=11510"}],"curies":[{"name":"wp","href":"https:\/\/api.w.org\/{rel}","templated":true}]}}