{"id":10054,"date":"2023-10-17T02:49:01","date_gmt":"2023-10-17T00:49:01","guid":{"rendered":"https:\/\/ateliers-francais.gc-dev.fr\/?post_type=product&#038;p=10054"},"modified":"2023-10-17T02:52:37","modified_gmt":"2023-10-17T00:52:37","slug":"slam-kids-13255","status":"publish","type":"product","link":"https:\/\/ateliers-francais.gc-dev.fr\/?product=slam-kids-13255","title":{"rendered":"SLAM KIDS &#8211; 13255"},"content":{"rendered":"<h4>SWEAT-SHIRT ENFANT \u00c0 CAPUCHE<\/h4>\n<h3 class=\"\">Qualit\u00e9<\/h3>\n<div class=\"std\">\n<div>MOLLETON GRATT\u00c9 280<\/div>\n<div>50% coton &#8211; 50% polyester<br \/>\nBord c\u00f4te \u00e9lasthanne<\/div>\n<\/div>\n<h3 class=\"bordure\">Style<\/h3>\n<div class=\"std\">\n<div>CLASSIQUE<\/div>\n<div>Manches mont\u00e9es<br \/>\nCoup\u00e9 cousu<br \/>\nPoche kangourou<br \/>\nCapuche doubl\u00e9e sans cordon<\/div>\n<\/div>\n","protected":false},"excerpt":{"rendered":"<p>SWEAT-SHIRT ENFANT \u00c0 CAPUCHE Qualit\u00e9 MOLLETON GRATT\u00c9 280 50% coton &#8211; 50% polyester Bord c\u00f4te \u00e9lasthanne Style CLASSIQUE Manches mont\u00e9es<\/p>\n","protected":false},"featured_media":10168,"comment_status":"open","ping_status":"closed","template":"","meta":[],"product_cat":[211],"product_tag":[],"class_list":{"0":"post-10054","1":"product","2":"type-product","3":"status-publish","4":"has-post-thumbnail","6":"product_cat-a-capuche-sweat-shirt","8":"first","9":"instock","10":"shipping-taxable","11":"purchasable","12":"product-type-variable"},"_links":{"self":[{"href":"https:\/\/ateliers-francais.gc-dev.fr\/index.php?rest_route=\/wp\/v2\/product\/10054","targetHints":{"allow":["GET"]}}],"collection":[{"href":"https:\/\/ateliers-francais.gc-dev.fr\/index.php?rest_route=\/wp\/v2\/product"}],"about":[{"href":"https:\/\/ateliers-francais.gc-dev.fr\/index.php?rest_route=\/wp\/v2\/types\/product"}],"replies":[{"embeddable":true,"href":"https:\/\/ateliers-francais.gc-dev.fr\/index.php?rest_route=%2Fwp%2Fv2%2Fcomments&post=10054"}],"version-history":[{"count":1,"href":"https:\/\/ateliers-francais.gc-dev.fr\/index.php?rest_route=\/wp\/v2\/product\/10054\/revisions"}],"predecessor-version":[{"id":10171,"href":"https:\/\/ateliers-francais.gc-dev.fr\/index.php?rest_route=\/wp\/v2\/product\/10054\/revisions\/10171"}],"wp:featuredmedia":[{"embeddable":true,"href":"https:\/\/ateliers-francais.gc-dev.fr\/index.php?rest_route=\/wp\/v2\/media\/10168"}],"wp:attachment":[{"href":"https:\/\/ateliers-francais.gc-dev.fr\/index.php?rest_route=%2Fwp%2Fv2%2Fmedia&parent=10054"}],"wp:term":[{"taxonomy":"product_cat","embeddable":true,"href":"https:\/\/ateliers-francais.gc-dev.fr\/index.php?rest_route=%2Fwp%2Fv2%2Fproduct_cat&post=10054"},{"taxonomy":"product_tag","embeddable":true,"href":"https:\/\/ateliers-francais.gc-dev.fr\/index.php?rest_route=%2Fwp%2Fv2%2Fproduct_tag&post=10054"}],"curies":[{"name":"wp","href":"https:\/\/api.w.org\/{rel}","templated":true}]}}