{"id":10033,"date":"2023-10-17T02:48:36","date_gmt":"2023-10-17T00:48:36","guid":{"rendered":"https:\/\/ateliers-francais.gc-dev.fr\/?post_type=product&#038;p=10033"},"modified":"2023-10-17T02:52:36","modified_gmt":"2023-10-17T00:52:36","slug":"stone-01714","status":"publish","type":"product","link":"https:\/\/ateliers-francais.gc-dev.fr\/?product=stone-01714","title":{"rendered":"STONE &#8211; 01714"},"content":{"rendered":"<h4>VESTE ZIPP\u00c9E \u00c0 CAPUCHE UNISEXE<\/h4>\n<h3 class=\"\">Qualit\u00e9<\/h3>\n<div class=\"std\">\n<div>MOLLETON 260<\/div>\n<div>Molleton gratt\u00e9<br \/>\n50% coton &#8211; 50% polyester<br \/>\nBord c\u00f4te bas de v\u00eatement et bas de manches<\/div>\n<\/div>\n<h3 class=\"bordure\">Style<\/h3>\n<div class=\"std\">\n<div>Manches mont\u00e9es<br \/>\n2 poches kangourou<br \/>\nCapuche avec cordon de serrage ton sur ton<br \/>\nCoupe droite<br \/>\nCoup\u00e9 cousu<\/div>\n<\/div>\n","protected":false},"excerpt":{"rendered":"<p>VESTE ZIPP\u00c9E \u00c0 CAPUCHE UNISEXE Qualit\u00e9 MOLLETON 260 Molleton gratt\u00e9 50% coton &#8211; 50% polyester Bord c\u00f4te bas de v\u00eatement<\/p>\n","protected":false},"featured_media":10164,"comment_status":"open","ping_status":"closed","template":"","meta":[],"product_cat":[212],"product_tag":[],"class_list":{"0":"post-10033","1":"product","2":"type-product","3":"status-publish","4":"has-post-thumbnail","6":"product_cat-zippe-a-capuche","8":"first","9":"instock","10":"shipping-taxable","11":"purchasable","12":"product-type-variable"},"_links":{"self":[{"href":"https:\/\/ateliers-francais.gc-dev.fr\/index.php?rest_route=\/wp\/v2\/product\/10033","targetHints":{"allow":["GET"]}}],"collection":[{"href":"https:\/\/ateliers-francais.gc-dev.fr\/index.php?rest_route=\/wp\/v2\/product"}],"about":[{"href":"https:\/\/ateliers-francais.gc-dev.fr\/index.php?rest_route=\/wp\/v2\/types\/product"}],"replies":[{"embeddable":true,"href":"https:\/\/ateliers-francais.gc-dev.fr\/index.php?rest_route=%2Fwp%2Fv2%2Fcomments&post=10033"}],"version-history":[{"count":1,"href":"https:\/\/ateliers-francais.gc-dev.fr\/index.php?rest_route=\/wp\/v2\/product\/10033\/revisions"}],"predecessor-version":[{"id":10167,"href":"https:\/\/ateliers-francais.gc-dev.fr\/index.php?rest_route=\/wp\/v2\/product\/10033\/revisions\/10167"}],"wp:featuredmedia":[{"embeddable":true,"href":"https:\/\/ateliers-francais.gc-dev.fr\/index.php?rest_route=\/wp\/v2\/media\/10164"}],"wp:attachment":[{"href":"https:\/\/ateliers-francais.gc-dev.fr\/index.php?rest_route=%2Fwp%2Fv2%2Fmedia&parent=10033"}],"wp:term":[{"taxonomy":"product_cat","embeddable":true,"href":"https:\/\/ateliers-francais.gc-dev.fr\/index.php?rest_route=%2Fwp%2Fv2%2Fproduct_cat&post=10033"},{"taxonomy":"product_tag","embeddable":true,"href":"https:\/\/ateliers-francais.gc-dev.fr\/index.php?rest_route=%2Fwp%2Fv2%2Fproduct_tag&post=10033"}],"curies":[{"name":"wp","href":"https:\/\/api.w.org\/{rel}","templated":true}]}}